e number?
True
Is 22431 a composite number?
True
Is 106019 a prime number?
True
Is 1087 a composite number?
False
Is 187067 a prime number?
True
Is 61651 a prime number?
True
Is 289715 a composite number?
True
Is 36973 composite?
False
Is 24194 a prime number?
False
Is 3737 a prime number?
False
Is 1278545 a prime number?
False
Is 57439 composite?
True
Is 162353 prime?
False
Is 128563 a composite number?
False
Is 244003 a prime number?
True
Is 47881 a composite number?
False
Is 28019 prime?
True
Is 852079 a prime number?
True
Is 22613 composite?
False
Is 35299 a prime number?
False
Is 81839 prime?
True
Is 4045 composite?
True
Is 18635 prime?
False
Is 347329 a prime number?
True
Is 136943 composite?
False
Is 29269 a prime number?
True
Is 39853 a composite number?
True
Is 10347 prime?
False
Is 7318 prime?
False
Is 29611 a composite number?
False
Is 26521 a prime number?
False
Is 346699 a composite number?
False
Is 2059 a composite number?
True
Is 348883 prime?
True
Is 216921 composite?
True
Is 64401 a composite number?
True
Is 426211 composite?
False
Is 44237 a prime number?
False
Is 9311 prime?
True
Is 3899863 composite?
True
Is 5021 composite?
False
Is 40609 a prime number?
True
Is 14971 composite?
True
Is 929 composite?
False
Is 382229 a composite number?
False
Is 22229 a prime number?
True
Is 4049 a prime number?
True
Is 8147 a composite number?
False
Is 5076413 a composite number?
False
Is 214759 composite?
False
Is 653111 prime?
True
Is 76435 a composite number?
True
Is 2103 prime?
False
Is 133121 a prime number?
True
Is 36599 composite?
False
Is 141879 a prime number?
False
Is 15142967 a prime number?
False
Is 1203 a composite number?
True
Is 3953 a prime number?
False
Is 26941 composite?
True
Is 4547 composite?
False
Is 187273 prime?
True
Is 70427 a prime number?
False
Is 2531917 a prime number?
True
Is 11819 composite?
True
Is 28019 composite?
False
Is 9181 composite?
False
Is 48673 composite?
False
Is 398 prime?
False
Is 1258681 a composite number?
False
Is 4703 a composite number?
False
Is 6434 prime?
False
Is 2135482 composite?
True
Is 4861 prime?
True
Is 153967 composite?
True
Is 251387 composite?
False
Is 9523 prime?
False
Is 4621 composite?
False
Is 23497 a composite number?
False
Is 2243327 a prime number?
False
Is 138727 composite?
False
Is 119801 prime?
False
Is 252481 prime?
True
Is 449 a composite number?
False
Is 48847 a composite number?
False
Is 38629 composite?
False
Is 111893 a prime number?
True
Is 3957 a prime number?
False
Is 907 a composite number?
False
Is 18007 prime?
False
Is 687383 composite?
False
Is 217817 a prime number?
False
Is 1923 a composite number?
True
Is 1695127 composite?
True
Is 107645 a prime number?
False
Is 29303 prime?
True
Is 355 a composite number?
True
Is 44761 prime?
False
Is 100001 a prime number?
False
Is 5959 a prime number?
False
Is 6733 prime?
True
Is 2987 a prime number?
False
Is 594329 composite?
False
Is 102347 composite?
True
Is 8857 a composite number?
True
Is 12881 prime?
False
Is 2251471 composite?
False
Is 25691 prime?
False
Is 311041 a composite number?
False
Is 93827 a prime number?
True
Is 35218 prime?
False
Is 66767 a composite number?
True
Is 2189 a prime number?
False
Is 279001 a composite number?
False
Is 100371 a composite number?
True
Is 38351 composite?
False
Is 355 prime?
False
Is 1995607 a prime number?
True
Is 28277 prime?
True
Is 16333 prime?
True
Is 703691 composite?
False
Is 1458341 a composite number?
True
Is 1764557 a composite number?
False
Is 12898 a composite number?
True
Is 171007 composite?
False
Is 66659 composite?
True
Is 34909 a composite number?
True
Is 180211 a composite number?
False
Is 7753 composite?
False
Is 5269 prime?
False
Is 1856065 a composite number?
True
Is 102205 prime?
False
Is 2941 prime?
False
Is 23741 a prime number?
True
Is 3309 composite?
True
Is 1397 a prime number?
False
Is 28687 a composite number?
False
Is 391273 a composite number?
False
Is 18119 a prime number?
True
Is 42621 a composite number?
True
Is 68393 a prime number?
False
Is 44861 composite?
True
Is 83473 prime?
False
Is 26897 prime?
False
Is 33479 composite?
False
Is 11215 prime?
False
Is 4201 composite?
False
Is 182111 a composite number?
False
Is 15373 prime?
True
Is 32811 a prime number?
False
Is 669077 composite?
False
Is 888983 a composite number?
False
Is 141617 prime?
False
Is 961673 a prime number?
False
Is 1201583 a prime number?
True
Is 430193 prime?
True
Is 89 a prime number?
True
Is 230593 a prime number?
False
Is 322153 a composite number?
True
Is 21557 composite?
False
Is 1101 a prime number?
False
Is 647 composite?
False
Is 229261 a composite number?
False
Is 31055 composite?
True
Is 85841 a prime number?
False
Is 137983 a prime number?
True
Is 9371 a composite number?
False
Is 28601 a prime number?
False
Is 641 a prime number?
True
Is 6749 composite?
True
Is 202823 composite?
False
Is 235649 composite?
True
Is 357073 prime?
True
Is 389 prime?
True
Is 263819 composite?
False
Is 14566 a prime number?
False
Is 695707 a prime number?
False
Is 1099 prime?
False
Is 5951 prime?
False
Is 8317571 composite?
False
Is 15401 a composite number?
False
Is 1559755 a prime number?
False
Is 189815 prime?
False
Is 52879 a composite number?
False
Is 317 prime?
True
Is 10727 a prime number?
False
Is 63647 composite?
False
Is 22999 composite?
True
Is 4143 composite?
True
Is 25729 a prime number?
False
Is 420333 composite?
True
Is 1177499 prime?
True
Is 14369 a composite number?
False
Is 218963 prime?
True
Is 455921 a composite number?
False
Is 95239 composite?
False
Is 7907 a prime number?
True
Is 26186 composite?
True
Is 12895 a composite number?
True
Is 37717 composite?
False
Is 95311 a composite number?
False
Is 5297 a prime number?
True
Is 442509 prime?
False
Is 16447 a composite number?
False
Is 3163 composite?
False
Is 12359 a composite number?
True
Is 27355 a composite number?
True
Is 3060853 composite?
False
Is 9442 prime?
False
Is 751609 composite?
False
Is 76333 prime?
True
Is 32927 a composite number?
True
Is 34981 a composite number?
False
Is 2785 prime?
False
Is 28829 composite?
True
Is 56013 a prime number?
False
Is 294977 composite?
True
Is 108179 a composite number?
False
Is 65239 a prime number?
True
Is 6082 prime?
False
Is 6637 composite?
False
Is 126359 prime?
True
Is 45943 a composite number?
False
Is 59483 a composite number?
True
Is 17517 a prime number?
False
Is 51074 composite?
True
Is 5471 composite?
False
Is 123295 composite?
True
Is 437137 composite?
False
Is 115201 a prime number?
True
Is 504563 a prime number?
True
Is 160201 a composite number?
False
Is 42178 a composite number?
True
Is 543549 a composite number?
True
Is 299147 composite?
False
Is 8889 composite?
True
Is 767 prime?
False
Is 1087 a prime number?
True
Is 30509 composite?
False
Is 66919 a prime number?
True
Is 43853 prime?
True
Is 36349 a prime number?
False
Is 26083 a composite number?
False
Is 147047 a composite number?
False
Is 3083 a prime number?
True
Is 23531 composite?
False
Is 2153 composite?
False
Is 81031 a composite number?
False
Is 2005 a composite number?
True
Is 9613 a composite number?
False
Is 180231 composite?
True
Is 842321 a prime number?
True
Is 88427 a prime number?
True
Is 967171 a composite number?
False
Is 203789 a composite number?
False
Is 720857 a prime number?
True
Is 73046 composite?
True
Is 151738 composite?
True
Is 93517 a composite number?
True
Is 83786 a composite number?
True
Is 10078 prime?
False
Is 458629 a composite number?
False
Is 89785 a prime number?
False
Is 289937 a prime number?
True
Is 3407 prime?
True
Is 438359 composite?
True
Is 72269 composite?
False
Is 24659 a prime number?
True
Is 1246703 a composite number?
False
Is 2911643 a prime number?
False
Is 1132327 a prime number?
False
Is 39617 composite?
True
Is 274273 prime?
False
Is 315817 prime?
False
Is 672977 a composite number?
False
Is 5207 a composite number?
True
Is 5609 a composite number?
True
Is 36187 a composite number?
False
Is 10351 a prime number?
False
Is 5981 composite?
False
Is 99987 a prime number?
False
Is 83 a composite number?
False
Is 451381 composite?
True
Is 51839 a composite number?
False
Is 3019 composite?
False
Is 188107 composite?
False
Is 20617 a composi